39)/(-12))/((-6)/(-24)). Calculate the greatest common divisor of m and u.
13
Let p be (-7)/(-3)*(2 + 4). What is the highest common divisor of p and 2?
2
Suppose -c + 22 = 3*x, 2*x + 4 = 2*c - 0*x. Let h = -3 + c. Calculate the greatest common divisor of 44 and h.
4
Suppose 3*f - 105 = -0*f. Let z(w) = 2*w**2 - 4*w - 4. Let c be z(4). Suppose 0 = -3*d + c + 3. Calculate the greatest common divisor of f and d.
5
Suppose -31 - 65 = -12*q. Calculate the highest common divisor of 88 and q.
8
Let m(g) = 5 - 3*g + g - 2 - g. Let i be m(-5). What is the highest common factor of i and 12?
6
Suppose -5*c = 1 - 6. Let t be c/3 + 82/6. Suppose 2*p = -4*d + 146, 0*p - 4*p = -3*d + 93. Calculate the highest common divisor of t and d.
7
Suppose 2*f + 20 = 4*f. Let n be (-2)/11 - (-614)/(-11). Let x = -26 - n. What is the highest common factor of x and f?
10
Suppose -4*v + 8 = 2*j, j + 11 = 5*v - 6. Suppose -v*k + 45 = 5*o, -4*k - o - 4*o + 65 = 0. What is the highest common divisor of 5 and k?
5
Suppose -2*z = 4*i + 6, z - 5*i = 19 + 6. Suppose 3*n - 15 = -v, 2*n - 4*n = -v - 10. What is the greatest common divisor of n and z?
5
Suppose c - 3*c = 5*i - 16, 2 = -c. Suppose -z - 105 = -i*z. Calculate the highest common factor of 5 and z.
5
Let n be 2/6 + (-3157)/(-33). What is the highest common factor of 12 and n?
12
Let c = 6 - 0. Suppose 0 = p + 5 - 17. Calculate the greatest common factor of c and p.
6
Let x be (-15)/(-75) - 18/(-10). Calculate the highest common divisor of 3 and x.
1
Suppose 5*f = 2*c - 0 - 1, -4*f + 4 = 0. Let o be 81/12*8/c. What is the highest common divisor of o and 144?
18
Suppose -4 = -2*d - 0*d. Let k be (-50)/(-5)*d/4. Let o = -49 + 104. What is the highest common divisor of o and k?
5
Suppose 0 = -5*z - 2*z + 77. What is the greatest common divisor of z and 11?
11
Let l be (-36)/1*(-1)/2. Let q = 288 - 126. Calculate the greatest common factor of l and q.
18
Suppose -2*g + 24 = o, 2*g - 3*o + 32 = 4*g. Let k(a) = -2*a - 3. Let s be k(-4). What is the greatest common divisor of s and g?
5
Suppose -w = -3*w + 12. Suppose 0 = 3*o - 0*o - w. Suppose 4*x + o = 2*c, -5*c + x = -4*x - 5. Calculate the greatest common factor of 3 and c.
1
Let w = -3 - -6. Let l be (w - 15)*20/(-6). Let z(p) = -p + 8. Let i be z(0). Calculate the highest common divisor of i and l.
8
Let n = -166 - -172. What is the greatest common divisor of n and 10?
2
Let a(c) = -2*c + 6. Let j be a(0). Calculate the greatest common factor of j and 48.
6
Let a be 16/(-2*(-3)/21). Calculate the greatest common factor of 14 and a.
14
Suppose 0 = -y + 28 + 59. What is the highest common factor of y and 29?
29
Suppose 5*c + 3*w = 510, 2*c + w - 223 = -4*w. Let m = -34 + c. Calculate the highest common divisor of m and 26.
13
Let m be 6/(-4)*(-7)/21*62. Calculate the highest common divisor of m and 279.
31
Suppose 0*w + w - b + 2 = 0, 3*b - 15 = 0. Suppose -3*k = -6 + 3. Let v be 1 + 0 + k/1. Calculate the highest common factor of w and v.
1
Let x = 67 - 29. Calculate the highest common divisor of x and 57.
19
Suppose 2*l = 3*l - 1. Let b = -21 + 13. Let y be (-27)/(-6)*b/(-4). Calculate the highest common divisor of l and y.
1
Suppose 6 = 6*y - 0*y. Suppose 0 = 2*k + 1 - 19. What is the highest common factor of y and k?
1
Let k be 976/14 + (-10)/(-35). What is the highest common factor of 14 and k?
14
Suppose -4*n = -6*n + 18. Let c be (-105)/n + (-2)/6. Let s be (-236)/c - 2/3. Calculate the highest common factor of 57 and s.
19
Suppose -4*l + 30 = -l. What is the greatest common factor of 90 and l?
10
Suppose -248 = -5*p + 4*n, -3*p + 4*n = -n - 154. Suppose 395 - 107 = 4*j. Calculate the highest common divisor of p and j.
24
Let s(o) = o**3 + 4*o**2 - 7*o. Let x be s(-4). Calculate the greatest common divisor of x and 28.
28
Suppose -4*i = 4*n + 6 - 46, -40 = -4*i + 2*n. Calculate the highest common divisor of 20 and i.
10
Let f be ((-2)/(-6))/(1/12). Suppose -5*o + v + 8 = 0, 3*o = -f*v + 18 - 4. Let d be ((1 + o)/(-3))/(-1). Calculate the highest common factor of 4 and d.
1
Suppose 2*t - 4*p = -24, -15 = 3*p - 3. Let s = -8 - t. What is the highest common divisor of 4 and s?
4
Let b = 106 + -51. Calculate the greatest common factor of b and 11.
11
Suppose 5*l = l - 2*x + 332, -3*l = -3*x - 258. Calculate the highest common divisor of l and 12.
12
Let y = -1 - -15. What is the greatest common factor of 14 and y?
14
Let z(c) = 25*c**2 + c + 1. Suppose 0*h - 5 = 5*h. Let y be z(h). What is the highest common factor of y and 275?
25
Suppose 90 = -38*o + 43*o. Calculate the greatest common divisor of o and 117.
9
Let l = 40 + -4. Let x = l - 24. What is the greatest common factor of x and 8?
4
Let w(l) = -31*l - 5. Let h be w(-5). Suppose 2*t - 3*s - 32 = 1, t - s - 16 = 0. Calculate the highest common divisor of t and h.
15
Suppose -j + 2*j = 5. Let v = 2 - 0. Suppose 3*k = v*k + 2. What is the greatest common divisor of k and j?
1
Let j(x) = 12*x**2 + x - 1. Let c be j(2). Let d = c - 15. Let n be 2 + 30/(-1 - -3). What is the highest common factor of n and d?
17
Let h(y) = -y - 1. Let t be h(-5). Let w be (45 - 42)*10/3. Calculate the greatest common factor of w and t.
2
Suppose -244 = 3*b + 32. Let g = 204 + b. Calculate the greatest common divisor of g and 14.
14
Suppose 5*l + 85 = 5*f, -5*f - 5*l + 2 = -103. Calculate the greatest common divisor of f and 38.
19
Let l be ((-6)/(-5))/((-15)/50). Let s be (l/(-10))/((-3)/(-180)). What is the greatest common factor of s and 16?
8
Suppose -2*r + 2 = -r. Let d be 0/r + -2 + 67. Suppose -3*k - 124 + 47 = -5*f, -2*k = 8. Calculate the greatest common factor of d and f.
13
Let t = 9 + -5. Suppose 0 = d + t*s - 16 + 6, 2*s = -d + 16. What is the greatest common divisor of 33 and d?
11
Let d = 67 - 40. What is the greatest common factor of 3 and d?
3
Suppose 117 = 2*v + 41. Suppose -330 = -j - 4*j. Let d = j - v. What is the highest common divisor of 7 and d?
7
Suppose n = 2*n - 1. Let r be 23 - 1 - (n - -1). Let k = 75 + -45. Calculate the highest common factor of r and k.
10
Suppose m - 20 = 5*m. Let k be (-8)/40 + (-16)/m. Suppose -5*q + 0*g - 4*g = -17, -5*q = -k*g + 4. What is the highest common divisor of q and 4?
1
Let a = -8 + 21. Suppose -5*m + 2 = -a. Suppose -x = -5*p + 25, -p + 4*x + 36 = m*p. What is the greatest common factor of p and 36?
4
Suppose 165*i - 18 = 164*i. Calculate the greatest common factor of i and 126.
18
Let i be ((-1)/2)/((-1)/6). Suppose -5*s = j - 0 - i, 8 = -4*s. Calculate the greatest common factor of j and 13.
13
Suppose 5*k - 164 = 2*n, -2*n - n = -9. Calculate the highest common factor of 51 and k.
17
Let r(t) be the third derivative of -t**6/120 - t**4/24 - 2*t**2. Let b be r(-2). What is the highest common factor of b and 20?
10
Let r be ((-60)/65)/6 - 316/(-26). What is the greatest common divisor of r and 16?
4
Let a = 5 - 1. Suppose 0 = -a*t - 3*h + 72, 3*t + 1 = -4*h + 55. What is the greatest common factor of 6 and t?
6
Let a = -18 + 20. Let b be (a/5)/((-5)/(-25)). What is the highest common factor of 2 and b?
2
Let y = -113 - -158. Calculate the highest common factor of y and 9.
9
Let y = -36 + 50. Let h = -2 - -4. Let b be (3*h)/((-4)/(-14)). Calculate the greatest common divisor of y and b.
7
Suppose 6*q = -2*q + 32. Calculate the greatest common factor of q and 4.
4
Let s(o) = -o**3 + 3*o**2 + o + 1. Let y be s(3). Calculate the greatest common divisor of y and 28.
4
Let s = -8 - 5. Let a = s + 28. Calculate the highest common divisor of a and 3.
3
Let y(l) = -l**3 + 7*l**2 + 3*l - 3. Let i be y(7). Let h be (-2)/(-8) - 645/(-12). What is the greatest common divisor of h and i?
18
Let j = 22 + 0. Calculate the greatest common factor of j and 22.
22
Suppose 135 = a + 2*a. Suppose -x + 6*x - a = 0. What is the greatest common factor of x and 18?
9
Let k(o) = -2*o**2 - 2*o + 1. Let w be k(-2). Let a be (-5)/w*-1*117. Let r = a - -275. What is the highest common divisor of r and 10?
10
Let b be 4/((-12)/(-3)) + 5. What is the highest common divisor of b and 2?
2
Let n(x) = x**3 - 4*x**2 + 2*x + 2. Let b(h) = 3*h - 11. Let r be b(5). Let q be n(r). Calculate the highest common divisor of q and 100.
10
Let v(u) = u + 18. Let w be v(17). Calculate the highest common divisor of w